 -r**2 - 6*r - 2. Let u = 4 - 4. Suppose -5*n + 27 = -4*q, u = -2*q + 2*n + 4 - 16. Is i(q) a composite number?
False
Let d = -264 - -449. Is d a prime number?
False
Suppose z - 5386 - 277 = 0. Is z a composite number?
True
Let y(w) = -w**3 - w**2 - 2*w - 2. Let q be y(-2). Let a = q - -15. Is a a composite number?
True
Suppose 3*p + 4*d = -4, 0 = 2*p - 0*p - 5*d - 28. Suppose -193 = -5*r - 2*n, -p*n = 2*r - n - 86. Suppose 5*q = -v + 399, -3*q + 5*v = -180 - r. Is q composite?
False
Let h(q) = 203*q**3. Is h(1) a prime number?
False
Suppose 3*s = -4*y - 70 - 66, 3*y + 12 = 0. Let m = s - -93. Is m a prime number?
True
Suppose 0 = -4*z + 4 + 8. Suppose 5*k + 2*g = k + 18, 2*k = -z*g + 19. Is k/12 + 77/6 a prime number?
True
Suppose 6*w - 14*w + 19816 = 0. Is w a composite number?
False
Let g(l) = 2*l**2 + 6*l + 5. Let r be g(-7). Suppose c = -3*y + r, 2*y = c + 13 + 36. Is y a prime number?
False
Let m(n) = n**2 - 7*n - 7. Suppose -65 = -3*y - 11. Is m(y) composite?
False
Let q = -46 - -251. Is q prime?
False
Let v = -5 + 7. Is ((-261)/12)/(v/(-8)) composite?
True
Suppose v = -2*r + 7, -5*r + 5*v - 13 + 38 = 0. Suppose 2*a - r*y = 5*a - 217, -a + 99 = -4*y. Is a a prime number?
True
Let r(w) = w - 5. Let z be r(7). Suppose -z*x = -5*x + 1839. Is x a prime number?
True
Let q(o) be the third derivative of o**5/20 - 5*o**4/24 + o**3/6 + 2*o**2. Let b be -2 + (2 - 6*-1). Is q(b) a composite number?
False
Let z be 27/(-4) + (-1)/4. Let i = -12 - z. Let x = 20 + i. Is x a prime number?
False
Suppose -13*s = -35601 - 8066. Is s a composite number?
False
Let t(z) = z + 4*z + 4*z - 4 + 3. Let j be t(5). Let d = j - -105. Is d prime?
True
Suppose 5*x - x = v + 1, -2 = -x + 2*v. Suppose x*c + c = 7. Is c prime?
True
Let n(d) = 49*d**2 - 2*d + 4. Is n(-3) a composite number?
True
Let j(h) = -35*h + 8. Let c be j(-6). Suppose 2*b + c = v, -v - 347 = 3*b - 20. Let o = -54 - b. Is o a prime number?
False
Let p(z) = -2*z**2 + 4 + 6*z - 18*z**3 - 2 - 4*z. Let v be p(-2). Suppose -v = 2*g - 4*g. Is g composite?
False
Let v be (-15)/5 - 25*-2. Is (v*(-1 - -3))/2 a composite number?
False
Let r(l) be the second derivative of l**4/6 - 2*l**3/3 - 7*l**2/2 + 3*l. Is r(5) composite?
False
Let p = 1517 - 884. Is p a composite number?
True
Let q(w) = 3*w**3 + w**2 - 3*w**3 + 67 + w**3. Is q(0) prime?
True
Is -8762*(-4*1 - (-49)/14) a composite number?
True
Is 14/((-6)/27*-3) a prime number?
False
Let t = 21 - 18. Suppose 5*s - t*s - 314 = 0. Is s a composite number?
False
Suppose -5*a = -p - 810, a - 4*p = -p + 148. Is a a composite number?
False
Let z = -4 + 7. Let w(k) = 95*k + 2. Is w(z) a prime number?
False
Suppose -4*g + 2*g - 27 = -5*f, -2*f = g - 9. Suppose 5*h + f + 5 = 0, -4*j - 82 = 5*h. Is (j + 3)*(-6)/10 prime?
False
Suppose -20 = 2*v + 4*l, -4*v - 30 = v + 5*l. Let n = 0 - v. Suppose 2*x + 2*x = 3*r - 94, n*x = 2*r - 64. Is r composite?
True
Let s(j) = -j**3 + 13*j**2 - 2*j + 7. Is s(10) prime?
False
Suppose 2*x + 6 = 5*x. Suppose x*q - 20 = -5*g + 3, 0 = 4*q - 16. Suppose -2*n + g*n = 259. Is n a prime number?
False
Suppose 3*t + 3*w = 4*w + 989, 2*t = -4*w + 678. Is t composite?
False
Let s = 2060 + -1133. Let u = 1394 - s. Is u a prime number?
True
Suppose -28*w + 19*w + 954 = 0. Is w composite?
True
Let w(r) = 232*r - 11. Is w(6) a composite number?
False
Suppose -5*j = -0*j - 10. Suppose -5*m = -j*m - 2*l - 17, 5*m - 3*l = 29. Suppose m = -k + 30. Is k a composite number?
False
Let b(x) = 4 + x - 4 + 1. Let h be b(2). Let g = h + 1. Is g prime?
False
Is 0 + ((-1994)/4)/(8/(-16)) a composite number?
False
Is -148*(15/(-12) + 1) a prime number?
True
Is (1062/12)/(2/4) a composite number?
True
Suppose 348 + 288 = 2*z. Let b = -101 + z. Is b a composite number?
True
Let v be (-4)/(-2) + (0 - 2). Let z(x) = -2*x + v*x**2 - 2 + x**2 + 0*x**2. Is z(7) prime?
False
Suppose 0 = -5*m, 2*w - 4*m = 33 + 41. Suppose 5*u = s - 2*s - w, -4*s + u = 127. Let y = s + 67. Is y a prime number?
False
Is 251 - (0 - (-2 - -2)) a prime number?
True
Let v = 8 + 105. Is v a prime number?
True
Let p(t) = 22*t**2 + 1. Let n = -5 - -9. Suppose -5*y + 7 = n*j - 3*j, -y + 9 = 4*j. Is p(y) a prime number?
True
Suppose 0 = -4*p + p. Suppose 3*m + p*m - 267 = 0. Suppose 3*x = m + 16. Is x a prime number?
False
Let j(d) = 7*d**2 + 8*d + 17. Let g(n) = 8*n**2 + 8*n + 18. Let s(a) = -6*g(a) + 7*j(a). Let l = -25 - -17. Is s(l) a composite number?
False
Let g(h) = -h**2 - 4*h + 2. Let o be g(-4). Suppose -7230 = -3*c - o*j - j, 5*j - 9641 = -4*c. Is (-4)/(-10) + c/15 a composite number?
True
Let u = 5163 + -3682. Is u a composite number?
False
Suppose -5*z = 3*j - 2172, 0*j - 2*z = 5*j - 3601. Is j composite?
False
Suppose 102 + 406 = 4*r. Is r prime?
True
Let d(k) = k**3 + 7*k**2 - 2*k + 5. Suppose 3*t - 33 = 5*s, -2*t = 5*s + 3*t + 25. Is d(s) a prime number?
True
Let p be 10/(-4)*16/(-20). Let d be 9/6*p*-30. Let g = d - -128. Is g composite?
True
Let u = -24 - -101. Is u prime?
False
Let m(n) = -n - 3. Let d be m(-6). Suppose 49 = d*h - 2*x, -2*h + 2*x + 22 = -2*x. Is h composite?
False
Is (0 + 11/(-1))/(1/(-17)) a prime number?
False
Suppose -3 = 2*y + 5, -104 = -2*s - 4*y. Suppose s = 2*f - 74. Is f a prime number?
True
Suppose -4*s + 1270 = -2*s. Is s a composite number?
True
Suppose 8 - 3 = 5*j. Let l be (6/6)/(j*-1). Is 12 - (-1 - 0/l) prime?
True
Let p(f) = -f**3 - 12*f**2 - f - 12. Let z be p(-12). Suppose g = 4*j - 46 - 32, z = -5*g - 10. Is j prime?
True
Let i(p) = 13*p**3 + p**2 - p - 8. Is i(5) a prime number?
True
Let s = 233 + -128. Suppose 4*o - 419 = s. Is o a composite number?
False
Let o be 22 - (0 + (0 - 2)). Let k = o - 74. Is k/(-18) + (-8)/(-36) a composite number?
False
Let x(z) = 7*z**2 - 16*z - 37. Is x(18) a composite number?
True
Let z(x) = -10*x + 4*x + 2 - 1. Let w be (4/(-6))/1 - 7/3. Is z(w) prime?
True
Suppose -2*a = b - 66, -5*b - 8 - 12 = 0. Is a composite?
True
Suppose -4200 = -2*a + 1994. Is a composite?
True
Suppose -3*g = -5*g - 12. Is 1/1 - (4 + g) a composite number?
False
Suppose 3*t = 7*t - 1908. Suppose 2*k - 5*k = -t. Is k prime?
False
Suppose -l + 811 = 4*k, 0*k + k - l - 204 = 0. Is k composite?
True
Suppose -7*c + 7083 = -4*c. Is c composite?
True
Let p(m) = -m**2 - 6*m - 3. Let k be p(-5). Suppose u = -c - 2*c + 17, 2*u = -5*c + 29. Suppose -k*w + 60 = u*w. Is w prime?
False
Let p = 4 + -2. Let o(j) be the first derivative of 17*j**2/2 - 3*j + 2. Is o(p) a composite number?
False
Suppose -4*x - x + 15 = 0. Suppose -x*p + 1735 = 2*p. Let m = p - 234. Is m composite?
False
Let f(w) = 3*w**2 - 5*w - 27. Is f(14) a prime number?
True
Is 6 + 0 + -7 - (-684 + 0) prime?
True
Let w(b) = -131*b - 9. Is w(-2) prime?
False
Let k(j) = 77*j**2 + j - 1. Suppose -6 = 3*a - 2*t + 7*t, 8 = -4*a + 5*t. Is k(a) a composite number?
True
Let d be (-126)/45*(-1 + -334). Suppose -c = -3*c + d. Is c prime?
False
Let q be -1*((-6)/3 + -4). Suppose -3*s = 5*r - 185, q*r - 2*r = 3*s + 148. Is r - (0 + 3 - 1) a prime number?
False
Suppose -5*t + 147 = -518. Is t composite?
True
Let a be 1/1 - (1 + 2). Is (-4 - a)/(4/(-38)) a composite number?
False
Suppose 0 = -u + 2*u - 2. Let l(q) = 29*q - 5. Is l(u) a prime number?
True
Let f(p) be the third derivative of -5*p**4/6 - p**3/6 + p**2. Suppose 25 = 6*n - n, 2*n - 15 = 5*a. Is f(a) a prime number?
True
Let z be 65/10*2/1. Let c(y) = y**3 - 13*y**2 + 6*y + 19. Let p(j) = 2*j**3 - 26*j**2 + 11*j + 37. Let n(l) = -11*c(l) + 6*p(l). Is n(z) a composite number?
False
Let i be 3*1 - (-4)/(-4). Suppose c = -i, 4*h + 5*c = -5 - 5. Suppose 2*v - 130 = -h*v. Is v a composite number?
True
Let r = 11 + -9. Is 184/(-10)*(-5)/r a prime number?
False
Let w(z) = 6*z**2 - 4*z + 5. Is w(4) prime?
False
Is -4 + 743 + 4 + 0 composite?
False
Let h = 1202 - -629. Is h composite?
False
Let u be 1 + -3 + 2 + 2. Let i(j) = 41*j. Let q be i(u). Let t = q - 47. Is t a prime number?
False
Suppose 4*w - 834 = -82. Suppose -4*c = -0*o - 4*o + w, -3*o + 135 = 3*c. Is o prime?
False
Let a be 4/(-2)*1 + 11. Let d(f) = -f + 11. Is d(a) a prime number?
True
Let f = -28 - -47. Suppose -f = 4*u + 5. Is (37/2)/((-3)/u) composite?
False
Let t = 31 - -188. Is t prime?
False
Suppose 3*m - 4*m = -127. Is m a composite number?
False
Let y = 2691 - 1604. 